lse
Let g = -7 + 11. Suppose -p = -g*p + 789. Is p composite?
False
Let d = -1 + 5. Suppose -3*r + 3*t = -2*r - 22, -d*r - 2*t = -18. Is r composite?
False
Let u(m) = -m**3 + 4*m**2 + 5*m + 4. Let p be u(5). Is (6/p)/(-3)*-26 prime?
True
Suppose -6*i + 4*i + 1307 = c, 1316 = c - i. Is c a composite number?
True
Suppose 0*p = 5*p + 45. Let h(x) be the first derivative of -x**3/3 - 6*x**2 - 6*x + 5. Is h(p) composite?
True
Is (2 + 1084/(-8))*-2 composite?
True
Let g be (-61)/(-5) + 9/(-45). Let q = 41 + g. Is q a prime number?
True
Is (2/3)/((-46)/(-12765)) composite?
True
Let d(n) = -n**2 + 6*n + 1. Let k be d(5). Let l(q) = q - 1 + 3 + 4*q + k*q**2 + 0. Is l(-5) prime?
True
Suppose 0 = 4*x - k + 39, -5*x + 5*k + 38 = 98. Let r = -4 - x. Suppose -r*p + 67 = -8. Is p prime?
False
Is 1/(3/546) + -3 a prime number?
True
Let p be 15/(-2)*4/(-6). Suppose -4*w - 12 = 0, -14 - 46 = -p*i + 5*w. Suppose 0 = 5*o - c - 50, 2*c + 45 = i*o - 4*o. Is o prime?
True
Suppose 0 = -2*g + 4*f + 450, 3*g + 4*f = 5*f + 660. Let j = g + -104. Is j a prime number?
False
Let r = 3 - -2. Suppose 0*d + r*d - 393 = -z, 0 = -d + 5*z + 89. Is d a composite number?
False
Suppose 0 = -3*d - 4*c + 3801, 0 = -5*d + 7*d + 2*c - 2534. Is d a prime number?
False
Let a(b) = 2*b**2 + 4*b - 3. Suppose -5 = 5*g + 15. Is a(g) a prime number?
True
Let x = -18 - -11. Let z(m) = 12*m**2 - 1. Is z(x) composite?
False
Let g(m) = -m**2 + 5*m + 1. Let c be g(4). Suppose 78 = -d + 2*x - 4*x, 395 = -5*d - c*x. Let f = d - -199. Is f a prime number?
False
Let d = -1753 + 3910. Is d a composite number?
True
Suppose -7*j = -3*j. Suppose 4*n - 18 = -2*g, j = n - 3. Is g/(-2)*4430/(-15) composite?
False
Suppose -5*q - 953 = 2*l - l, -772 = 4*q - 4*l. Let u = -126 - q. Is u composite?
True
Suppose -5*u + 596 = -3*j, j = -u + 25 + 99. Is u prime?
False
Suppose 10*s - 9*s = 211. Is s composite?
False
Suppose f - 8 = 5*x, -72 = -0*f + 5*f + 3*x. Let i(g) = -g**2 - 3. Let m be i(4). Let o = f - m. Is o prime?
True
Is (12/(-9))/((-6)/14733) prime?
False
Suppose 0 = 2*q - 5*q + 1113. Is q prime?
False
Suppose 0 = 5*u - 0*u - 10. Let o(a) = 6*a**2 - 3*a - 4. Let p(t) = -t**2 + t. Let v(g) = u*p(g) + o(g). Is v(-3) a prime number?
False
Suppose 2*b - 2 = 4. Let u(p) = -2 + 0 + b + 76*p + 134*p. Is u(1) prime?
True
Suppose 3*p = -0*p + 111. Is p prime?
True
Let o = 345 - 151. Let x = o - 105. Is x a prime number?
True
Suppose -4*h + 8507 - 1867 = 4*q, -2*h + q + 3311 = 0. Is h a prime number?
True
Suppose 0 = -4*d + 9 + 3. Suppose 2*b + d*n = -b - 6, 6 = -5*b - 4*n. Is (9 - -209)/(1*b) a composite number?
False
Let d(v) = -v**2 + 2 - 3*v - 13 - 6*v + 0*v**2. Let q be d(-9). Is 2/q - (-640)/11 a prime number?
False
Let l = 8 + -10. Is l/4 - (-636)/8 a prime number?
True
Let k be 63/(-27)*1*-3. Let d(r) = -r - 4 + 5*r - 5. Is d(k) a prime number?
True
Suppose 0 = -6*s + 2*s. Suppose -2*o + 6*o - 212 = s. Is o a prime number?
True
Let g = 305 + 14. Is g prime?
False
Let q(w) = -w**2 + 3*w + 8. Let y be q(5). Let u(r) = -58*r**3 + r**2 + 3*r + 5. Is u(y) prime?
True
Let g = -17 - 12. Let q = 79 + -31. Let u = q - g. Is u a prime number?
False
Suppose 2*f = 6*f - 660. Let u be 1505/(-20) - (-3)/(-4). Let i = u + f. Is i composite?
False
Let a = 45 - 85. Suppose -v + 2*v - 71 = 0. Let j = a + v. Is j a prime number?
True
Suppose 9*y - 6*y - 993 = 0. Is y a composite number?
False
Let v(q) = -q**3 - 8*q**2 - 9*q + 5. Is v(-8) prime?
False
Suppose 216 - 75 = 3*p. Is p a prime number?
True
Suppose 5*x + 3*d = -2*d + 5, 4*x = d + 24. Let g be 1 + 291/(x - 2). Suppose -a - a + g = 0. Is a prime?
False
Let u = 9 - 6. Suppose 0 = 3*b + 5*a - u, -4*a - 4 = b - 5. Is (34 - (b + 0)) + 2 composite?
True
Let c = 175 - 86. Is c a prime number?
True
Let c = 2194 + -1545. Is c a prime number?
False
Let q(v) = -v**2 - 5*v + 7. Suppose 0 = -3*c + 1 - 19. Let k be q(c). Is (1 + k)/(-2) - -24 composite?
False
Suppose -4*l + 40 = 4*z, z - 19 + 4 = -2*l. Let h = 32 - z. Suppose -47 = -q + 5*j, -19 = -3*q - 4*j + h. Is q composite?
True
Suppose 2*l - 80 = -2*g, 116 = 3*g + 3*l + 2*l. Is (-7)/g - 2023/(-6) a composite number?
False
Suppose t = -t - 2*q + 44, 3*q + 74 = 4*t. Suppose -v + t = -5*v, -3*u - 5*v = -620. Is u prime?
False
Suppose -2*o + 0*l - 2*l - 224 = 0, 3*o + 2*l + 335 = 0. Let p = -76 - o. Is p a composite number?
True
Let w = 2 + -2. Suppose 2*n = 4*n + 2*m - 24, w = 5*m + 10. Is n prime?
False
Let d(s) = -s**3 - 7*s**2 - 6*s. Let j be d(-6). Suppose -y - y + 14 = j. Is y composite?
False
Let n be ((-1)/3)/((-5)/1965). Suppose 107 = -2*f - n. Let x = f + 168. Is x a prime number?
False
Suppose -4*z + 7 = 23. Let g = 10 + z. Is g prime?
False
Let b(k) = -7*k. Let a be b(1). Let o = -6 - a. Is -3 + (-2 - -123) + o prime?
False
Let w = 35 + -63. Is (-12496)/w + (-6)/21 a composite number?
True
Suppose b + 6593 = 5*x, 0*b = -5*x - b + 6597. Is x prime?
True
Suppose 4*h = -x + 737, 6*h - 5*x - 940 = h. Is h composite?
True
Let r = -812 - -270. Let t = r + 1031. Is t composite?
True
Let q = 29 - 10. Is q a prime number?
True
Suppose 503 = -5*k + 4*c, -3*c + 501 = -5*k - 0*c. Is (1 + k)/(1 - 3) composite?
True
Let n(b) = 480*b**2 + 3*b - 4. Is n(1) a composite number?
False
Let r(h) be the second derivative of -107*h**5/10 + h**4/6 - h**2/2 + 3*h. Is r(-1) a prime number?
False
Suppose 2*a = -3 + 385. Is a a prime number?
True
Suppose -4*n + 14742 = 2*p, 3*n + 2*p = 2*n + 3693. Is n a composite number?
True
Suppose 5 = -l - 0, -p - l = -6. Let g = -9 + p. Is 2*(213/g)/3 prime?
True
Let w be -1 - ((-2)/1 + -2). Suppose 3*k - 13 = 3*m + 2, 0 = w*m + 9. Suppose 3*f = -5*r + 307, f - 64 = -k*r + 58. Is r a composite number?
False
Suppose h - 3 = 16. Is h a prime number?
True
Suppose 0 = -2*s + 3*j + 341, -3*s - j + 661 = s. Is s a composite number?
True
Let r(p) = -64*p - 26. Let n(u) = -1. Let j(v) = n(v) + r(v). Is j(-11) prime?
True
Suppose 3*s - 352 + 93 = 2*c, -4*s - 5*c = -376. Is s prime?
True
Suppose 4 = 4*w - 12. Is -3 - 358/w*-4 a composite number?
True
Let q be ((-6)/(-4))/(3/(-72)). Let l = 73 + q. Is l a prime number?
True
Let z = 154 + -75. Is z a prime number?
True
Suppose 0 = -y - y - 6. Let i be (-12)/y*(-1 + 2). Suppose -2*d + 5*q = -74, i*q = 2*d - 5*d + 111. Is d a composite number?
False
Suppose -2*x = 2*c - 258, -2*x + 0*c + 252 = -c. Is x prime?
True
Suppose 4*v + 82 = 4*y - 14, -5*y = v - 114. Is y prime?
True
Let o = -314 + 463. Is o a composite number?
False
Let u(n) = -n**3 - 4*n**2 - 2*n - 4. Is u(-7) a composite number?
False
Suppose 14 = 3*z - 1. Suppose 3*i = 4*n + 27, z*n = -2*i + 7*i - 40. Suppose 0 = -i*w + 9 + 11. Is w a composite number?
True
Suppose 3*f - 305 - 449 = -l, -2*l - 10 = 0. Is f a prime number?
False
Let c be (-5)/(-15)*(-30)/(-2). Let n = -3 + c. Suppose 2*x - 8 = 0, -3*l + 0*l + 85 = -n*x. Is l a composite number?
False
Is 1/4 - 1*11241/(-12) a composite number?
False
Let c = -1 + 36. Suppose 2*x + 5*b = -0*x + c, -4*b = -12. Is x composite?
True
Suppose 13 + 2 = 3*d. Suppose 12 = 6*a - 2*a, 3*a - 19 = -d*t. Suppose 3*n + 0 = t*s - 3, 4*s = -4*n + 36. Is s composite?
True
Let n(p) = p**2 + p. Let g(j) = 3*j**2 - 6*j + 4. Let k(a) = g(a) + 3*n(a). Is k(3) a composite number?
True
Let j = -8 - -45. Is j a composite number?
False
Let r = 1707 - 974. Let b = -326 + r. Is b composite?
True
Is -2 + 0 + -3 + 548 a composite number?
True
Is ((-219)/(-6) - -3)*6 composite?
True
Suppose 25 + 8 = -3*q. Let h(n) = n**2 + 5*n - 7. Is h(q) a prime number?
True
Suppose 3*j = 5*j. Suppose -4*h - 84 = -4*f - 324, -h + 4*f + 45 = j. Is h prime?
False
Let t be (2/(-4))/(1/10). Is (-4)/t - (-1051)/5 composite?
False
Let g(y) = -6*y**3 + 5*y - 7. Let f(u) = 12*u**3 - u**2 - 10*u + 13. Let t(l) = -4*f(l) - 7*g(l). Let o be t(-4). Is (o/15)/(1/3) composite?
True
Let c(y) = y + 15. Let v be c(-12). Let n(g) = 66*g**2 - 5*g + 4. Is n(v) prime?
False
Let f be 7 + -1 + 5 + -8. Suppose -3*s + 5*r - f = 0, -2*s - 3*r = -1 + 3. Is 85 + (2 + s - 1) a composite number?
True
Suppose -4*z - 2*m = -26, -z + 6*z - 3*m = 16. Suppose -z*b = -0*b - 1140. Suppose 2*y + 2*y - 5*f - b = 0, 2*y - 114 = -2*f. Is y a composite number?
True
Let s(o) = 2*o**3 + o**2 - 1. Let i be s(1). Suppose 5*f = 4*t + 122, -3*t - i*t -